*s(h) - 9*w(h). Let l(m) be the first derivative of y(m). Is l(11) prime?
False
Let x(c) = 31*c**2 - 8*c - 2. Let j be x(-6). Suppose 27*g - 11*g - 48 = 0. Suppose 0 = -8*n + 3*n + g*a + 2923, 2*n - 3*a - j = 0. Is n prime?
True
Suppose 0 = -1495*o + 1496*o - 14351 - 23430. Is o a prime number?
True
Suppose -12 = -w - 5*w. Suppose n + 12 = w*z, 4*n - 2*n = -2*z + 6. Suppose z*c + 536 - 4041 = 0. Is c a prime number?
True
Is ((-3432)/(-4158) - (-1)/(-9))*88277 a prime number?
False
Let y be (-561)/(-68)*(48 - 0). Let d = y + -139. Suppose -d = -2*t + 185. Is t composite?
True
Suppose 0 = 21*d + 31*d - 97519753 + 10929509. Is d a composite number?
False
Let v = 40203 - 23162. Is v prime?
True
Suppose 18*q + 2679 = 5*k + 16*q, 3*q = 9. Is k prime?
False
Let q be ((0 - 2)*-4)/1. Suppose q*x - 4 = 4*x, -114 = p - 3*x. Is p/(-9)*3*5 a prime number?
False
Suppose -207 = -32*q - 28*q + 93. Suppose -5*c - y - 4 = y, -3*y = -c + 6. Suppose c = -q*k + 2*s + 7677, s = -0*s + 4. Is k composite?
True
Suppose -2*z = 87*n - 82*n - 86717, 3*z - 2*n = 130104. Is z prime?
False
Suppose -5*j + 342317 + 230410 = -4*x, -4*x - 114539 = -j. Is j composite?
False
Let a = 374 - 207. Suppose 3*f = -182 + 38. Let w = a + f. Is w prime?
False
Suppose -7*u + 22 = -18*u. Let q be (-8)/u + 3 + 0. Let m(n) = 11*n**3 + 9*n**2 - 1. Is m(q) a prime number?
False
Suppose -11*m + 15 = -16*m. Is (-39)/(-26) - m/2 prime?
True
Suppose 5612 = p + s, -p - s = -5*s - 5637. Suppose k + 0*q - 5*q - p = 0, -2*k + 2*q + 11250 = 0. Is k prime?
False
Is (-3)/((861/(-426) + 2)*(-14)/(-217)) a prime number?
False
Suppose -42*l = -44*l + 18. Is (5/(-10))/((l/(-3))/51798) prime?
False
Let q = 34141 - 63528. Let s = -9616 - q. Is s a composite number?
True
Suppose -32*v - 127500 = -27*v. Is (4 + -5)/3 + v/(-9) composite?
False
Let w be -13 - (-2)/(1*-2). Let d(b) = -40*b**2 + 18*b - 7. Let h(z) = -22*z**2 + 9*z - 3. Let n(k) = 6*d(k) - 11*h(k). Is n(w) prime?
True
Let a(g) = -83*g**2 - g + 1. Let x be (-6 - -3 - -2) + 0. Let u(f) = -f**2 - f. Let z(j) = x*a(j) - 3*u(j). Is z(-2) a composite number?
True
Let p = -5070 - -6028. Is p prime?
False
Let x(g) = 2*g**3 + 14*g**2 + 12*g + 57. Let w be x(-10). Let d = w + 1630. Is d a prime number?
True
Let p be 218*85/14 + (-9)/(-21). Let j = p - -2635. Is j a prime number?
False
Let y(d) = -42499*d + 2. Let v be y(1). Let z = -28586 - v. Is z composite?
True
Let h(y) = 2515*y**2 - 15*y - 82. Let z be h(-7). Suppose 0 = -2*t - 5*n + 82197, -3*t + 6*n - n + z = 0. Is t a prime number?
False
Suppose -49*l + 48*l = -12. Suppose -7*k - 6800 = -l*k. Suppose 4*i - 5036 = -k. Is i composite?
False
Suppose 0 = 2*j - v - 4421, -3*j + 6644 = -7*v + 3*v. Is -1 - (7 + -3 - j) prime?
True
Suppose 39500 - 8827 = 9*v - 43640. Is v a composite number?
True
Suppose 0 = 7*l - 27 - 1. Suppose n = 5*r - 6, -l*r - 14 = -r - 5*n. Suppose -r*b + 5*b - 3*t - 2199 = 0, -5*t = 3*b - 2199. Is b a composite number?
False
Suppose 4*o + 3*o = 0. Suppose o = 4*b - 3*b - 20. Is 381*(b*(-4)/(-24) + -3) composite?
False
Let f = -43 - -136. Suppose r = m, 2*m = -m + 5*r - 10. Suppose -12 = -m*h + f. Is h a composite number?
True
Suppose -14 + 140 = -3*l. Let s = 123 + l. Is (s + 2)/(10/20) a prime number?
False
Is (-32)/32*(-1486828)/(-2)*4/(-8) prime?
False
Let d be (-12)/(-42)*(-99988)/(-8). Let h = -5281 + 2801. Let q = h + d. Is q a composite number?
False
Let j be (8 - 9 - 5)*758/(-6). Suppose 41 + j = 17*k. Is k prime?
True
Suppose 2 = -3*w + m, 0*w - 4 = -3*w - 2*m. Suppose 5*k + 75 - 75 = w. Suppose k = -3*g - 33 + 126. Is g a prime number?
True
Let c(z) = -2*z**3 + 50*z**2 - 50*z - 30. Is c(22) a composite number?
True
Is ((-4)/8*-1889)/((-21)/(-1218)) prime?
False
Let o = -255627 + 1206494. Is o a prime number?
True
Suppose 4*b + 3*n = 408128, b + 3*b - 408136 = -5*n. Is b a prime number?
False
Let j = -283 - -205. Let t = 557 + j. Is t composite?
False
Is 1*(42808695/39 - 182/(-1183)) composite?
False
Suppose -r = -4*w + 1224469 + 1154128, -3*w = -3*r - 1783968. Is w a prime number?
False
Let u(w) = 24*w**2 - 170*w + 45. Is u(-17) composite?
False
Let l be ((-44)/(-4))/(2/24). Let u = l - 134. Is (-4195)/u + 9/6 + 0 a prime number?
True
Suppose -36 + 369 = 37*y. Suppose 0 = -t + 5*o + 2073, 5*t - y*o + 14*o = 10305. Is t a prime number?
True
Let z(a) = 4084*a**2 + 27*a + 78. Is z(-3) a prime number?
False
Let a = 91830 - 51059. Is a a composite number?
False
Suppose 5*p + 5*j = 1604125, 15*j - 3529051 = -11*p + 10*j. Is p a prime number?
True
Let b(a) = 5*a**2 + 2*a + 837. Let i(y) = 2*y**2 + y + 1. Let r(c) = b(c) - 2*i(c). Is r(0) prime?
False
Is (-1 + (-106800)/(-32))*118 a composite number?
True
Let z(b) = -2*b**2 - 2*b + 10. Let c be z(0). Suppose c = -2*j, w + 5*j - j + 9 = 0. Suppose -5816 = 3*r - w*r. Is r a composite number?
False
Suppose -2*l - 29103 = -3*o, 7*o - 9*o + 72763 = -5*l. Let q = l - -24560. Is q a prime number?
True
Suppose 54*q + 19351 = 4*x + 59*q, -19333 = -4*x + q. Is x a prime number?
False
Let y(i) = 8*i**2 - i + 8. Let b be y(-13). Suppose 3*z = 0, -5*k + 6*k + 2*z - b = 0. Suppose 8*l = 7*l + k. Is l prime?
True
Let r(b) = b**3 + 25*b**2 - 2*b - 45. Let s be r(-25). Suppose s*o = j + 1979, 5*o - 8*j - 1967 = -10*j. Is o composite?
True
Let b(u) = -96*u**2 + 11*u. Let p be b(-8). Suppose 3*g - 45444 = -5*f + 7014, f = -2*g + 34965. Let x = p + g. Is x prime?
False
Let h(f) = 6*f**2 - f**3 - 2 - 8 - 33*f + 42*f. Let k be h(7). Is (677/k)/(3 + 11/(-4)) composite?
False
Let k(d) = 6*d + 20. Let p be k(-3). Suppose -5*y = -5*l - 10, 6 = p*y + 2*l - 3*l. Suppose 2202 = y*n - r, -1092 = -2*n + 3*r + 2*r. Is n prime?
False
Let f(h) = -20073*h - 704. Is f(-21) prime?
False
Let n(i) = -i - 54. Let g be n(-5). Is 1/(g/(-43771)) - (-2)/(-7) a prime number?
False
Let v be (168/12 - 15)/(((-4)/212)/1). Suppose 4*l + 78 + 234 = 0. Let c = v - l. Is c a composite number?
False
Is (-287235)/(-2) - (0 - 21/(-42)) prime?
True
Suppose -1348406 = 23*o - 58*o + o. Is o a prime number?
True
Suppose -4*v + 18477 = r, -7*r + 84936 + 44433 = -2*v. Is r prime?
True
Let z(u) = -6*u**3 + 202*u**2 + 7*u + 29. Is z(-14) a prime number?
True
Let b = 17224 - 8743. Suppose -81*z - b = -92*z. Is z prime?
False
Suppose -7*g + 816 = -13*g. Is (3 - g/(-48)) + (-5602)/(-12) prime?
True
Let j = -64 - -35. Let i = -812 - j. Let m = i + 1336. Is m prime?
False
Let p = -4705 - -3146. Let m = p - -8320. Is m composite?
False
Let f = -44 + 324. Suppose f = -17*m + 21*m. Suppose -6 - m = -4*h. Is h prime?
True
Let r(y) = -2*y**3 - 9*y. Let b(s) = -5*s**3 + s**2 - 19*s - 1. Let o(p) = 3*b(p) - 7*r(p). Is o(-4) a prime number?
False
Let b = 142 + -139. Is (1 + (0 - b))*(-308360)/80 prime?
False
Suppose -4*a + 849 = -2*a + 5*g, -4*g = 3*a - 1270. Suppose -3*p = -p - 8. Suppose p*j + a = 6*j. Is j a prime number?
True
Suppose 5*s - 283 = 6502. Let p be (-268)/((-12)/(-210)*5). Let a = p + s. Is a composite?
False
Suppose 0 = 6*z - 359432 - 445906. Is z prime?
False
Let l be (-6186)/(-3)*2/(-4). Let i = l - -1886. Suppose -i = k - 3434. Is k a composite number?
False
Let m(c) = -761 + 282*c + 1536 - 764. Is m(4) composite?
True
Suppose 4*j + 96 = -2*j. Suppose 0 = 38*v - 14*v + 5400. Is 2*4/j + v/(-6) a composite number?
False
Let l(p) = 2*p**3 + 18*p**2 + 16*p + 3. Suppose -d - 8 + 0 = 0. Let g be l(d). Suppose r + z = -g*r + 8632, 2*z + 8 = 0. Is r prime?
False
Let r(z) = -z**3 + 12*z**2 - 8*z - 37. Let v be r(11). Let m be v/14 - (-176970)/35. Let o = 9473 - m. Is o composite?
True
Let y(i) = 2*i**3 + 17*i**2 + 11*i + 17. Let b be y(-8). Is (b + 5)*1*24715/(-10) a composite number?
False
Let b(a) = 25*a**3 + a**2 + 9*a - 7. Let c(f) = -f + 1. Let s(g) = b(g) + 2*c(g). Is s(4) a prime number?
False
Let h = 104966 - 57375. Is h prime?
True
Let x be (8/(-20))/2 - 84/(-20). Suppose -x*p + 17 = 6*s - s, 25 = 3*s - 5*p. Suppose -s*b = -19*b + 13510. Is b a composite number?
True
Let w(g) = 889*g**2 + 63*g + 3. Is w(-8) a prime number?
False
Let u(x) = -31*x**3 - 7. Suppose 4*z - 5*l = 4, -z - 8 = 4*z - 3*l. Is u(z) prime?
False
Let g be 6/(-14)*-23 + 17/119. Let v = -6 + g. Is 665/(-2 - -3) + 8/v prime?
False
Suppose 0 = 5*h - 17 + 2. Let u be (h + 0)*-1 - -3. Suppose 18*x - 8*x - 11030 = u. Is x 